{"id":33,"date":"2022-05-24T15:07:44","date_gmt":"2022-05-24T15:07:44","guid":{"rendered":"https:\/\/startersites.io\/blocksy\/barber-shop\/?page_id=33"},"modified":"2026-02-13T20:04:42","modified_gmt":"2026-02-13T19:04:42","slug":"products","status":"publish","type":"page","link":"http:\/\/alumno08.shopenlaces.com.es\/alumno08wp\/?page_id=33","title":{"rendered":""},"content":{"rendered":"\n<div class=\"wp-block-stackable-heading stk-block-heading stk-block-heading--v2 stk-block stk-429aecd stk-block-background\" id=\"accion-social\" data-block-id=\"429aecd\"><style>.stk-429aecd {background-color:#8fadfa !important;margin-bottom:13px !important;}.stk-429aecd:before{background-color:#8fadfa !important;}.stk-429aecd .stk-block-heading__text{text-shadow:none !important;font-size:var(--stk--preset--font-size--xx-large, 80px) !important;color:#0f0e17 !important;}@media screen and (max-width:999px){.stk-429aecd .stk-block-heading__text{font-size:var(--stk--preset--font-size--xx-large, 80px) !important;}}<\/style><h1 class=\"stk-block-heading__text has-text-color has-text-align-center\">ACCI\u00d3N SOCIAL<\/h1><\/div>\n\n\n\n<p>En Click &amp; Papel creemos que la papeler\u00eda va mucho m\u00e1s all\u00e1 de vender productos: es una herramienta clave para el aprendizaje, la creatividad y el desarrollo personal. Por eso, apostamos por iniciativas que generen un impacto positivo en nuestro entorno, apoyando proyectos educativos y colaboraciones que fomenten el acceso a materiales de calidad y la creatividad desde edades tempranas.<\/p>\n\n\n\n<p>A trav\u00e9s de nuestra colaboraci\u00f3n con Faber-Castell, trabajamos para acercar materiales creativos y de escritura de alta calidad a estudiantes y docentes. Esta iniciativa busca fomentar la creatividad, la expresi\u00f3n art\u00edstica y el aprendizaje activo, poniendo al alcance de colegios y familias productos que inspiran a aprender creando.<br>Adem\u00e1s, promovemos actividades y acciones conjuntas orientadas al uso responsable del material escolar y al valor de la creatividad como herramienta educativa fundamental.<\/p>\n\n\n\n<div class=\"wp-block-columns is-layout-flex wp-container-core-columns-is-layout-28f84493 wp-block-columns-is-layout-flex\">\n<div class=\"wp-block-column is-layout-flow wp-block-column-is-layout-flow\">\n<figure class=\"wp-block-image alignright size-full is-resized\"><img decoding=\"async\" src=\"http:\/\/alumno08.shopenlaces.com.es\/alumno08wp\/wp-content\/uploads\/2026\/02\/faber-castell.svg\" alt=\"\" class=\"wp-image-993\" style=\"width:409px;height:auto\"\/><\/figure>\n<\/div>\n\n\n\n<div class=\"wp-block-column is-layout-flow wp-block-column-is-layout-flow\">\n<div class=\"wp-block-stackable-image alignleft stk-block-image stk-block stk-8c08e43\" data-block-id=\"8c08e43\"><style>.stk-8c08e43 .stk-img-wrapper{width:64% !important;height:400px !important;}<\/style><figure><span class=\"stk-img-wrapper stk-image--shape-stretch\"><img loading=\"lazy\" decoding=\"async\" class=\"stk-img wp-image-996\" src=\"http:\/\/alumno08.shopenlaces.com.es\/alumno08wp\/wp-content\/uploads\/2026\/02\/eyl_infantil-2.jpg\" width=\"1024\" height=\"683\" srcset=\"http:\/\/alumno08.shopenlaces.com.es\/alumno08wp\/wp-content\/uploads\/2026\/02\/eyl_infantil-2.jpg 1024w, http:\/\/alumno08.shopenlaces.com.es\/alumno08wp\/wp-content\/uploads\/2026\/02\/eyl_infantil-2-300x200.jpg 300w, http:\/\/alumno08.shopenlaces.com.es\/alumno08wp\/wp-content\/uploads\/2026\/02\/eyl_infantil-2-768x512.jpg 768w\" sizes=\"auto, (max-width: 1024px) 100vw, 1024px\" \/><\/span><\/figure><\/div>\n<\/div>\n<\/div>\n\n\n\n<p>En nuestro compromiso con la educaci\u00f3n y la comunidad local, colaboramos activamente con colegios p\u00fablicos de Arag\u00f3n, apoyando proyectos educativos y facilitando el acceso a material escolar y de oficina. Estas colaboraciones est\u00e1n orientadas a contribuir a un entorno de aprendizaje m\u00e1s equitativo, ayudando a que los centros educativos puedan desarrollar sus actividades con los recursos necesarios.<br>Desde Click &amp; Papel creemos firmemente en la importancia de apoyar a la educaci\u00f3n p\u00fablica y en el papel del comercio local como agente de cambio social y de apoyo a la comunidad.<\/p>\n\n\n\n<p>En Click &amp; Papel entendemos nuestro proyecto como algo m\u00e1s que una papeler\u00eda. Creemos en el valor de la educaci\u00f3n, la creatividad y el compromiso con nuestro entorno. A trav\u00e9s de nuestras colaboraciones y acciones sociales, reafirmamos nuestra voluntad de seguir aportando valor a la comunidad, apoyando el aprendizaje y fomentando un futuro m\u00e1s creativo, accesible y responsable para todos.<\/p>\n\n\n\n<p>Puedes obtener m\u00e1s informaci\u00f3n sobre como hemos colaborado a trav\u00e9s de nuestras entradas:<\/p>\n\n\n<div class=\"wp-block-blocksy-query\" data-id=\"87ace353\"><div class=\"ct-posts-block\" data-prefix=\"blog\"><div class=\"entries\" data-archive=\"default\" data-layout=\"grid\" data-cards=\"boxed\"><article class=\"entry-card card-content post-792 post type-post status-publish format-standard hentry category-sin-categoria\" ><ul class=\"entry-meta\" data-type=\"simple:slash\" data-id=\"isHJE4\" ><li class=\"meta-date\" itemprop=\"datePublished\"><time class=\"ct-meta-element-date\" datetime=\"2026-01-21T17:47:02+01:00\">21 de enero de 2026<\/time><\/li><\/ul><h2 class=\"entry-title\"><a href=\"http:\/\/alumno08.shopenlaces.com.es\/alumno08wp\/?p=792\" rel=\"bookmark\">Click &amp; Papel se une a Faber-Castell para potenciar la creatividad y el aprendizaje<\/a><\/h2><div class=\"entry-excerpt\"><p>En Click &amp; Papel estamos muy emocionados de anunciar nuestra colaboraci\u00f3n con\u2026<\/p>\n<\/div><a class=\"entry-button\" href=\"http:\/\/alumno08.shopenlaces.com.es\/alumno08wp\/?p=792\">Continuar leyendo<span class=\"screen-reader-text\">Click &amp; Papel se une a Faber-Castell para potenciar la creatividad y el aprendizaje<\/span><\/a><\/article><article class=\"entry-card card-content post-783 post type-post status-publish format-standard hentry category-sin-categoria\" ><ul class=\"entry-meta\" data-type=\"simple:slash\" data-id=\"isHJE4\" ><li class=\"meta-date\" itemprop=\"datePublished\"><time class=\"ct-meta-element-date\" datetime=\"2026-01-21T17:10:21+01:00\">21 de enero de 2026<\/time><\/li><\/ul><h2 class=\"entry-title\"><a href=\"http:\/\/alumno08.shopenlaces.com.es\/alumno08wp\/?p=783\" rel=\"bookmark\">Colaboraci\u00f3n con colegios p\u00fablicos de Arag\u00f3n<\/a><\/h2><div class=\"entry-excerpt\"><p>Colaboramos con los colegios p\u00fablicos de Arag\u00f3n ofreciendo material escolar y servicios\u2026<\/p>\n<\/div><a class=\"entry-button\" href=\"http:\/\/alumno08.shopenlaces.com.es\/alumno08wp\/?p=783\">Continuar leyendo<span class=\"screen-reader-text\">Colaboraci\u00f3n con colegios p\u00fablicos de Arag\u00f3n<\/span><\/a><\/article><article class=\"entry-card card-content post-757 post type-post status-publish format-standard hentry category-sin-categoria\" ><ul class=\"entry-meta\" data-type=\"simple:slash\" data-id=\"isHJE4\" ><li class=\"meta-date\" itemprop=\"datePublished\"><time class=\"ct-meta-element-date\" datetime=\"2026-01-19T17:02:53+01:00\">19 de enero de 2026<\/time><\/li><\/ul><h2 class=\"entry-title\"><a href=\"http:\/\/alumno08.shopenlaces.com.es\/alumno08wp\/?p=757\" rel=\"bookmark\">El papel resiste en la era digital<\/a><\/h2><div class=\"entry-excerpt\"><p>Papel en la era digital: \u00bfa\u00fan es relevante? La industria papelera espa\u00f1ola\u2026<\/p>\n<\/div><a class=\"entry-button\" href=\"http:\/\/alumno08.shopenlaces.com.es\/alumno08wp\/?p=757\">Continuar leyendo<span class=\"screen-reader-text\">El papel resiste en la era digital<\/span><\/a><\/article><article class=\"entry-card card-content post-1 post type-post status-publish format-standard hentry category-sin-categoria\" ><ul class=\"entry-meta\" data-type=\"simple:slash\" data-id=\"isHJE4\" ><li class=\"meta-date\" itemprop=\"datePublished\"><time class=\"ct-meta-element-date\" datetime=\"2026-01-07T16:48:43+01:00\">7 de enero de 2026<\/time><\/li><li class=\"meta-comments\"><a href=\"http:\/\/alumno08.shopenlaces.com.es\/alumno08wp\/?p=1#comments\">1 comentario<\/a><\/li><\/ul><h2 class=\"entry-title\"><a href=\"http:\/\/alumno08.shopenlaces.com.es\/alumno08wp\/?p=1\" rel=\"bookmark\">\u00a1Hola, mundo!<\/a><\/h2><div class=\"entry-excerpt\"><p>Te damos la bienvenida a WordPress. Esta es tu primera entrada. Ed\u00edtala\u2026<\/p>\n<\/div><a class=\"entry-button\" href=\"http:\/\/alumno08.shopenlaces.com.es\/alumno08wp\/?p=1\">Continuar leyendo<span class=\"screen-reader-text\">\u00a1Hola, mundo!<\/span><\/a><\/article><\/div><\/div><\/div>\n\n\n<div class=\"wp-block-stackable-columns alignfull stk-block-columns stk-block stk-7347d8f stk-block-background\" data-block-id=\"7347d8f\"><style>.stk-7347d8f {background-color:#aacce4 !important;}.stk-7347d8f:before{background-color:#aacce4 !important;}<\/style><div class=\"stk-row stk-inner-blocks stk-block-content stk-content-align stk-7347d8f-column alignfull\">\n<div class=\"wp-block-stackable-column stk-block-column stk-column stk-block stk-9d692e8\" data-v=\"4\" data-block-id=\"9d692e8\"><style>@media screen and (min-width:690px){.stk-9d692e8 {flex:var(--stk-flex-grow, 1) 1 calc(30% - var(--stk-column-gap, 0px) * 3 \/ 4 ) !important;}}<\/style><div class=\"stk-column-wrapper stk-block-column__content stk-container stk-9d692e8-container stk--no-background stk--no-padding\"><div class=\"stk-block-content stk-inner-blocks stk-9d692e8-inner-blocks\">\n<div class=\"wp-block-stackable-button-group stk-block-button-group stk-block stk-c77cc90\" data-block-id=\"c77cc90\"><div class=\"stk-row stk-inner-blocks stk-block-content stk-button-group\">\n<div class=\"wp-block-stackable-button stk-block-button stk-block stk-f914aec\" data-block-id=\"f914aec\"><style>.stk-f914aec .stk-button{background:#aacce4 !important;}<\/style><a class=\"stk-link stk-button stk--hover-effect-darken\" href=\"http:\/\/alumno08.shopenlaces.com.es\/alumno08wp\/wp-admin\/post.php?post=925&amp;action=edit\"><span class=\"stk-button__inner-text\">T\u00e9rminos y condiciones de uso<\/span><\/a><\/div>\n<\/div><\/div>\n<\/div><\/div><\/div>\n\n\n\n<div class=\"wp-block-stackable-column stk-block-column stk-column stk-block stk-f8d3548\" data-v=\"4\" data-block-id=\"f8d3548\"><style>@media screen and (min-width:690px){.stk-f8d3548 {flex:var(--stk-flex-grow, 1) 1 calc(20% - var(--stk-column-gap, 0px) * 3 \/ 4 ) !important;}}<\/style><div class=\"stk-column-wrapper stk-block-column__content stk-container stk-f8d3548-container stk--no-background stk--no-padding\"><div class=\"stk-block-content stk-inner-blocks stk-f8d3548-inner-blocks\">\n<div class=\"wp-block-stackable-button-group stk-block-button-group stk-block stk-d5940d6\" data-block-id=\"d5940d6\"><div class=\"stk-row stk-inner-blocks stk-block-content stk-button-group\">\n<div class=\"wp-block-stackable-button stk-block-button stk-block stk-9784a3c\" data-block-id=\"9784a3c\"><style>.stk-9784a3c .stk-button{background:#aacce4 !important;}<\/style><a class=\"stk-link stk-button stk--hover-effect-darken\" href=\"http:\/\/alumno08.shopenlaces.com.es\/alumno08wp\/wp-admin\/post.php?post=930&amp;action=edit\"><span class=\"stk-button__inner-text\">Pol\u00edtica de Cookies<\/span><\/a><\/div>\n<\/div><\/div>\n<\/div><\/div><\/div>\n\n\n\n<div class=\"wp-block-stackable-column stk-block-column stk-column stk-block stk-49e408a\" data-v=\"4\" data-block-id=\"49e408a\"><style>@media screen and (min-width:690px){.stk-49e408a {flex:var(--stk-flex-grow, 1) 1 calc(27% - var(--stk-column-gap, 0px) * 3 \/ 4 ) !important;}}<\/style><div class=\"stk-column-wrapper stk-block-column__content stk-container stk-49e408a-container stk--no-background stk--no-padding\"><div class=\"stk-block-content stk-inner-blocks stk-49e408a-inner-blocks\">\n<div class=\"wp-block-stackable-button-group stk-block-button-group stk-block stk-d48100d\" data-block-id=\"d48100d\"><div class=\"stk-row stk-inner-blocks stk-block-content stk-button-group\">\n<div class=\"wp-block-stackable-button stk-block-button stk-block stk-42fc2ad\" data-block-id=\"42fc2ad\"><style>.stk-42fc2ad .stk-button{background:#aacce4 !important;}<\/style><a class=\"stk-link stk-button stk--hover-effect-darken\" href=\"http:\/\/alumno08.shopenlaces.com.es\/alumno08wp\/wp-admin\/post.php?post=3&amp;action=edit\"><span class=\"stk-button__inner-text\">Pol\u00edtica de privacidad<\/span><\/a><\/div>\n<\/div><\/div>\n<\/div><\/div><\/div>\n\n\n\n<div class=\"wp-block-stackable-column stk-block-column stk-column stk-block stk-b1f1095\" data-v=\"4\" data-block-id=\"b1f1095\"><style>@media screen and (min-width:690px){.stk-b1f1095 {flex:var(--stk-flex-grow, 1) 1 calc(23% - var(--stk-column-gap, 0px) * 3 \/ 4 ) !important;}}<\/style><div class=\"stk-column-wrapper stk-block-column__content stk-container stk-b1f1095-container stk--no-background stk--no-padding\"><div class=\"stk-block-content stk-inner-blocks stk-b1f1095-inner-blocks\">\n<div class=\"wp-block-stackable-button-group stk-block-button-group stk-block stk-1da434b\" data-block-id=\"1da434b\"><div class=\"stk-row stk-inner-blocks stk-block-content stk-button-group\">\n<div class=\"wp-block-stackable-button stk-block-button stk-block stk-ff3354e\" data-block-id=\"ff3354e\"><style>.stk-ff3354e .stk-button{background:#aacce4 !important;}<\/style><a class=\"stk-link stk-button stk--hover-effect-darken\" href=\"http:\/\/alumno08.shopenlaces.com.es\/alumno08wp\/wp-admin\/post.php?post=932&amp;action=edit\"><span class=\"stk-button__inner-text\">Aviso legal<\/span><\/a><\/div>\n<\/div><\/div>\n<\/div><\/div><\/div>\n<\/div><\/div>\n","protected":false},"excerpt":{"rendered":"<p>ACCI\u00d3N SOCIAL En Click &amp; Papel creemos que la papeler\u00eda va mucho m\u00e1s all\u00e1 de vender productos: es una herramienta clave para el aprendizaje, la creatividad y el desarrollo personal. Por eso, apostamos por iniciativas que generen un impacto positivo en nuestro entorno, apoyando proyectos educativos y colaboraciones que fomenten el acceso a materiales de [&hellip;]<\/p>\n","protected":false},"author":1,"featured_media":0,"parent":0,"menu_order":0,"comment_status":"closed","ping_status":"closed","template":"","meta":{"footnotes":""},"class_list":["post-33","page","type-page","status-publish","hentry"],"blocksy_meta":[],"_links":{"self":[{"href":"http:\/\/alumno08.shopenlaces.com.es\/alumno08wp\/index.php?rest_route=\/wp\/v2\/pages\/33","targetHints":{"allow":["GET"]}}],"collection":[{"href":"http:\/\/alumno08.shopenlaces.com.es\/alumno08wp\/index.php?rest_route=\/wp\/v2\/pages"}],"about":[{"href":"http:\/\/alumno08.shopenlaces.com.es\/alumno08wp\/index.php?rest_route=\/wp\/v2\/types\/page"}],"author":[{"embeddable":true,"href":"http:\/\/alumno08.shopenlaces.com.es\/alumno08wp\/index.php?rest_route=\/wp\/v2\/users\/1"}],"replies":[{"embeddable":true,"href":"http:\/\/alumno08.shopenlaces.com.es\/alumno08wp\/index.php?rest_route=%2Fwp%2Fv2%2Fcomments&post=33"}],"version-history":[{"count":11,"href":"http:\/\/alumno08.shopenlaces.com.es\/alumno08wp\/index.php?rest_route=\/wp\/v2\/pages\/33\/revisions"}],"predecessor-version":[{"id":1013,"href":"http:\/\/alumno08.shopenlaces.com.es\/alumno08wp\/index.php?rest_route=\/wp\/v2\/pages\/33\/revisions\/1013"}],"wp:attachment":[{"href":"http:\/\/alumno08.shopenlaces.com.es\/alumno08wp\/index.php?rest_route=%2Fwp%2Fv2%2Fmedia&parent=33"}],"curies":[{"name":"wp","href":"https:\/\/api.w.org\/{rel}","templated":true}]}}